is the remainder when 152097 is divided by 2151?
1527
Calculate the remainder when 4761385 is divided by 793562.
13
Calculate the remainder when 2942136 is divided by 57.
24
Calculate the remainder when 240054 is divided by 3735.
1014
Calculate the remainder when 935964 is divided by 151.
66
Calculate the remainder when 2740989 is divided by 210844.
17
Calculate the remainder when 7194564 is divided by 497.
489
What is the remainder when 56807935 is divided by 4733994?
7
What is the remainder when 115877 is divided by 3675?
1952
Calculate the remainder when 441498 is divided by 3109.
20
What is the remainder when 1376847 is divided by 17881?
10
Calculate the remainder when 78663 is divided by 26171.
150
Calculate the remainder when 7445289 is divided by 3018.
2901
Calculate the remainder when 53924114 is divided by 4493673.
38
Calculate the remainder when 39378387 is divided by 365.
362
What is the remainder when 238024 is divided by 1196?
20
What is the remainder when 19944973 is divided by 37?
12
Calculate the remainder when 197272 is divided by 19727.
2
Calculate the remainder when 88052 is divided by 21235.
3112
Calculate the remainder when 97512402 is divided by 44.
42
Calculate the remainder when 10282117 is divided by 179.
178
Calculate the remainder when 140278 is divided by 1517.
714
What is the remainder when 56295 is divided by 8038?
29
What is the remainder when 2130370 is divided by 15?
10
What is the remainder when 507518 is divided by 953?
522
Calculate the remainder when 7309081 is divided by 812046.
667
What is the remainder when 447766306 is divided by 2212?
2206
Calculate the remainder when 21516739 is divided by 99.
79
What is the remainder when 24415 is divided by 5985?
475
Calculate the remainder when 1310828 is divided by 532.
512
Calculate the remainder when 19667371 is divided by 72.
67
What is the remainder when 33470109 is divided by 54?
45
What is the remainder when 481943 is divided by 20945?
208
Calculate the remainder when 70209 is divided by 3692.
61
Calculate the remainder when 250499 is divided by 928.
867
Calculate the remainder when 70696 is divided by 70395.
301
What is the remainder when 6997846 is divided by 1730?
1726
What is the remainder when 29430301 is divided by 9810098?
7
What is the remainder when 9537102 is divided by 43154?
68
Calculate the remainder when 227929 is divided by 455.
429
Calculate the remainder when 3145 is divided by 198.
175
Calculate the remainder when 803915 is divided by 200964.
59
Calculate the remainder when 279034 is divided by 456.
418
What is the remainder when 2153059 is divided by 2152730?
329
What is the remainder when 61950 is divided by 96?
30
Calculate the remainder when 1699490 is divided by 44690.
1270
Calculate the remainder when 950660 is divided by 1222.
1166
Calculate the remainder when 423884 is divided by 2040.
1604
What is the remainder when 4563091 is divided by 14?
1
What is the remainder when 1931837 is divided by 31149?
599
Calculate the remainder when 639653 is divided by 219.
173
What is the remainder when 801131 is divided by 200268?
59
Calculate the remainder when 994382 is divided by 1223.
83
Calculate the remainder when 6096858 is divided by 117.
105
What is the remainder when 51648 is divided by 1986?
12
Calculate the remainder when 170083313 is divided by 4.
1
Calculate the remainder when 382448 is divided by 1222.
1184
What is the remainder when 3233111 is divided by 224?
119
Calculate the remainder when 251007 is divided by 83640.
87
Calculate the remainder when 70499 is divided by 1386.
1199
Calculate the remainder when 5206 is divided by 5169.
37
Calculate the remainder when 711451343 is divided by 32338697.
9
What is the remainder when 10193435 is divided by 4573?
218
Calculate the remainder when 3909752 is divided by 53.
48
What is the remainder when 389824 is divided by 2866?
48
Calculate the remainder when 104144 is divided by 634.
168
What is the remainder when 149636 is divided by 6165?
1676
Calculate the remainder when 46151 is divided by 15368.
47
Calculate the remainder when 2984361 is divided by 151.
148
What is the remainder when 56988 is divided by 229?
196
What is the remainder when 342577 is divided by 455?
417
What is the remainder when 1116594 is divided by 279141?
30
What is the remainder when 431591 is divided by 400?
391
Calculate the remainder when 85136 is divided by 757.
352
Calculate the remainder when 225985 is divided by 12487.
1219
Calculate the remainder when 116076 is divided by 144.
12
What is the remainder when 40847331 is divided by 222?
219
Calculate the remainder when 108832 is divided by 54406.
20
Calculate the remainder when 1736308 is divided by 466.
458
Calculate the remainder when 23160537 is divided by 359.
11
What is the remainder when 15740 is divided by 1041?
125
Calculate the remainder when 3247877 is divided by 2512.
2373
Calculate the remainder when 4596531 is divided by 1531971.
618
What is the remainder when 964451 is divided by 87633?
488
Calculate the remainder when 209240521 is divided by 461.
458
What is the remainder when 355324 is divided by 87917?
3656
Calculate the remainder when 44057233 is divided by 367143.
73
What is the remainder when 162874 is divided by 1205?
199
What is the remainder when 608829 is divided by 36?
33
Calculate the remainder when 119885 is divided by 744.
101
What is the remainder when 229790 is divided by 76326?
812
What is the remainder when 23117428 is divided by 210?
208
What is the remainder when 12439803 is divided by 30?
3
What is the remainder when 9078409 is divided by 1323?
1306
What is the remainder when 45073207 is divided by 2614?
5
Calculate the remainder when 151400 is divided by 2658.
2552
Calculate the remainder when 8880353 is divided by 185.
168
What is the remainder when 62559260 is divided by 2784?
2780
Calculate the remainder when 2893780 is divided by 723442.
12
Calculate the remainder when 1509253434 is divided by 3451.
3447
What is the remainder when 11873910 is divided by 135?
120
Calculate the remainder when 37268952 is divided by 159.
147
Calculate the remainder when 124821191 is divided by 32.
7
Calculate the remainder when 1525761 is divided by 6465.
21
What is the remainder when 4750894 is divided by 19?
1
Calculate the remainder when 202287 is divided by 67101.
984
What is the remainder when 799029 is divided by 79?
23
What is the remainder when 1990378 is divided by 201?
76
What is the remainder when 103900 is divided by 590?
60
What is the remainder when 450978 is divided by 11841?
1020
What is the remainder when 7184 is divided by 5004?
2180
What is the remainder when 25188978 is divided by 12594462?
54
Calculate the remainder when 2668162 is divided by 515.
462
What is the remainder when 2051545 is divided by 49?
13
Calculate the remainder when 34521709 is divided by 10.
9
What is the remainder when 9665807 is divided by 55?
52
What is the remainder when 5261012 is divided by 669?
665
What is the remainder when 57879 is divided by 1870?
1779
Calculate the remainder when 35857723 is divided by 147.
13
Calculate the remainder when 210013 is divided by 634.
159
What is the remainder when 24509 is divided by 1177?
969
What is the remainder when 132398 is divided by 902?
706
What is the remainder when 6689099 is divided by 784?
11
Calculate the remainder when 343232 is divided by 68475.
857
Calculate the remainder when 839653 is divided by 279855.
88
What is the remainder when 158412 is divided by 79181?
50
Calculate the remainder when 1229267129 is divided by 3458.
3457
Calculate the remainder when 264818 is divided by 2400.
818
Calculate the remainder when 17034 is divided by 5527.
453
What is the remainder when 1344123 is divided by 3327?
15
Calculate the remainder when 35460165 is divided by 126.
111
Calculate the remainder when 69570959 is divided by 23190294.
77
What is the remainder when 768723 is divided by 189?
60
What is the remainder when 71776 is divided by 23800?
376
Calculate the remainder when 4843571 is divided by 1210892.
3
Calculate the remainder when 16116197 is divided by 20045.
17
What is the remainder when 3514571 is divided by 9?
8
What is the remainder when 5724765 is divided by 22899?
15
Calculate the rem